 n*j - j. Is a a prime number?
False
Let t(m) = -m**2 - m + 6. Let c(k) = k**3 - 3*k**2 - 4*k + 17. Let q(a) = 4*c(a) - 11*t(a). Is q(3) a composite number?
True
Let x(b) = -b**3 + 14*b**2 - 10*b - 1. Is x(13) prime?
False
Let s(a) = -104*a + 25. Let m(g) = 35*g - 8. Let c(k) = 8*m(k) + 3*s(k). Is c(-12) prime?
False
Suppose -2*m = -5*c + 509, 0 = 4*c + 3*m + 2*m - 427. Is c prime?
True
Let r(n) = -n**3 + 8*n**2 - 2*n + 1. Suppose i = -4*i + 70. Suppose 0 = -5*x + 6 + i. Is r(x) composite?
True
Suppose 3*l = 2*h - 0*h - 72, 4*h - 176 = -2*l. Let y = h + -9. Let t = -14 + y. Is t a prime number?
True
Let y(l) = l**2 - 2*l - 12. Let q be y(5). Is q/2 - (-2205)/14 prime?
False
Let q = -2 + 2. Let r be 1266/30 + 1/(-5). Suppose 5*z - 63 - r = q. Is z prime?
False
Suppose -7*h + 1543 = -2*h + 2*c, -4*h = -5*c - 1208. Is h a composite number?
False
Let l(f) be the third derivative of -f**4/24 + 7*f**3/2 + f**2. Suppose -5*b + 4*b = 0. Is l(b) a prime number?
False
Let x(h) = -4 + 3*h**2 - 2 - 4*h + 1 - 1. Is x(5) a composite number?
True
Suppose 3 = 2*j - 3. Suppose 0 = 3*l - j*s - 2271, -5*l = -3*l + 5*s - 1542. Is l a prime number?
True
Let x(n) = -n + 5. Let v be x(0). Suppose 2*p + 4*t = v*t + 4, 4*t = -2*p + 4. Is -19*(1 - p/1) prime?
True
Let y(c) = -c**3 + 10*c**2 - 5*c - 1. Let s = 0 + -1. Let d be (s - -3) + -3 - -10. Is y(d) prime?
False
Let n be 9/(-6) + (-1)/2. Let b(l) = -39*l**3 - l**2 - 1. Let p be b(n). Suppose -4*w + p = -289. Is w prime?
True
Let j = 79 - -388. Is j a composite number?
False
Let g = -11 - -7. Let h(d) = -37*d + 3. Let y be h(2). Let n = g - y. Is n a composite number?
False
Suppose 5*j - j - 1228 = 0. Is j a composite number?
False
Let o(f) = 16*f**2 - 8*f + 7. Is o(-6) prime?
True
Let t = -15 + 30. Let f = t - -43. Is f a prime number?
False
Is (288 + 7)/(2/2) composite?
True
Let g = -40 + 25. Let q(b) = b**2 + 13*b - 16. Is q(g) a composite number?
True
Suppose -2*u + u = i - 10, 5*i - 5*u = 0. Let v(x) = 16*x**2 + 2*x - 1. Let z be v(-2). Suppose i*w = -9 + z. Is w prime?
False
Let b(d) = 0 - 3 - 3*d**2 - d + 2 - 3 - 2*d**3. Suppose 0*t + 3*t + 9 = 0. Is b(t) a composite number?
True
Suppose 4*v - 1700 = -2*a, v + 0*a = 2*a + 425. Suppose -v = -2*d - 3*d. Suppose -d = -0*q - q. Is q a prime number?
False
Let k = 10 + -8. Suppose -789 = -5*u + k*u. Is u a composite number?
False
Let s(j) = 4*j**2 + 14*j. Let y be s(-11). Let x = y - 199. Is x composite?
False
Is 6/(-10) + 2672/20 composite?
True
Suppose -d = 3, 0 = 4*f - 0*f - 4*d + 12. Let t = 0 - f. Is t prime?
False
Let k(c) = c**2 + c - 7. Let f be k(-5). Let g = 0 + f. Is g a composite number?
False
Let o(y) = -3*y - 12. Let j be o(-8). Let p = j - 3. Is -15*(12/p)/(-2) composite?
True
Let k = 16 - 21. Let g be (0 - (-2)/(-3))*3. Is 107/5 - g/k prime?
False
Is (5 + 4688 - 5) + -3 prime?
False
Let n = 299 + -154. Suppose -n = -4*v + 3*v. Is v prime?
False
Let u(g) = 1 + 2*g**3 - 4*g - 2*g**3 + 5*g**3 + 4. Is u(2) a composite number?
False
Let b be 4/(-6)*6/(-4). Suppose 0 = 4*y - b - 7. Suppose k + 5*t = 121, -2*t - y*t = -3*k + 439. Is k a prime number?
False
Suppose -3*c = -5*c + 1966. Let d = -448 + c. Is d prime?
False
Let y = -6 - -10. Let q(k) = -k**2 + 3*k - 2. Let h(n) = -3*n**2 + 10*n - 6. Let t(o) = 3*h(o) - 8*q(o). Is t(y) a prime number?
False
Suppose 0 = -3*r + 3*o + 16086, 0*o - 10 = 2*o. Is r prime?
False
Suppose -4*k + 0*h + 2*h = -6, -2*k = h - 13. Suppose -2*s - 22 = -k*s. Is s prime?
True
Let s be 46/(-4) + (-36)/(-24). Let g(q) = q**2 + 4*q - 7. Is g(s) composite?
False
Let t = 1 - -2. Suppose 2*q = -2*b - t*b + 25, 0 = 4*b + q - 17. Suppose -b*d + 74 = -d. Is d composite?
False
Suppose 6 = 4*s - 6. Suppose -39 - 51 = -s*k. Suppose 4*b + b - k = 0. Is b composite?
True
Let b be 1*(0 - (0 + -2)). Suppose 0 = b*v + v. Suppose 4*r - 3*l + v*l = 368, -3*r - l + 263 = 0. Is r a composite number?
False
Let l(c) = -1. Let y(f) = -8*f - 2. Let k(p) = 5*l(p) - y(p). Is k(10) prime?
False
Let j(h) = -h + 1 + 0 + 5*h. Is j(3) a prime number?
True
Let w(y) = y**3 - 7*y**2 - 6*y - 8. Let k be w(8). Suppose v = 3*v - k. Suppose -4*d - d = -2*q + 119, 2*q + v*d = 74. Is q composite?
False
Suppose -3*x + 40 = 5*j, -2 = -x + 3*j + 2. Is x a composite number?
True
Let r be 279/12 + (-3)/(-4). Suppose 0 = f - r - 469. Is f a composite number?
True
Suppose -5*c = -25 - 15. Let v be (-130)/c*(7 + -3). Is 2/(-13) - 1635/v composite?
True
Let h(f) = -2*f**2 - 2 + f**3 + 1 - 5. Is h(5) a composite number?
True
Let d be (10 - 1)/(1/2). Let y = d + -13. Suppose -y*v = -34 - 71. Is v composite?
True
Let b = -16 - -30. Let a = b + 1. Is a a prime number?
False
Let b(r) = r**2 + r - 5. Suppose 0 = -5*s - 5*v + 90, -s - 2*v + 14 = -2. Let c be ((-6)/(-10))/(2/s). Is b(c) composite?
False
Let g(m) = -m**3 - 5*m**2 + 31*m + 19. Is g(-24) prime?
False
Let v = 4 + 5. Is (-1722)/v*(-3)/2 a composite number?
True
Let s = 63 - -634. Is s composite?
True
Let l be 0/3 - (0 + -32). Suppose 5*a - 297 = -l. Is a prime?
True
Is (-1)/(-2)*(-25396)/(-14) a prime number?
True
Let i(b) = b**3 - 4*b**2 + 4*b - 2. Let j be i(3). Let x(z) = 87*z - 2. Is x(j) prime?
False
Let s(c) = -c**3 - 7*c**2 - 7*c + 2. Let a be s(-6). Suppose -6 = -4*h + 6. Suppose a*j - h*j = 70. Is j a prime number?
False
Let d(i) = 2*i**2 - 2*i**2 - 7 - 2*i - 3*i**2 + 8*i**2. Is d(6) a composite number?
True
Suppose -s = -77 - 1. Suppose h + s = 12. Let l = h - -115. Is l a composite number?
True
Is 0 + (1380/4)/5 a composite number?
True
Is (874 - 0) + 2 + 3 + -2 prime?
True
Let v = -867 - -11668. Is v a prime number?
False
Suppose -6 = -19*v + 17*v. Suppose -2*w + 1098 = -7*w + 3*y, -2*w - 448 = y. Is (1/v)/((-2)/w) composite?
False
Suppose 13*b = 9535 + 748. Is b prime?
False
Let g = -1 - -3. Suppose 4*j + k + k = 32, -3*k = g*j - 8. Is j a composite number?
True
Let w(f) = f**2 - 4*f - 5. Let b be w(5). Suppose 5*a + b*a + 20 = 0. Is ((-6)/8)/(a/176) prime?
False
Is (-1)/(2/(-3222)*3) composite?
True
Suppose -u + 2*u = 5. Suppose u*z - 75 = 100. Is z prime?
False
Let w = -3 + 5. Suppose 20 = 4*g + 3*u + u, -3*u = 5*g - 17. Is (4*2 + w)/g a composite number?
True
Let a = 10 + -5. Suppose 0 = 5*l - 10*l - 2*o - 395, 0 = a*o. Let f = l + 222. Is f a prime number?
False
Suppose 0 = 5*y + 4*p + 5 - 3, -3*y - 2*p = 0. Let i be (-605)/10*(-1 - 1). Suppose -3*c = y*c - 4*x - i, -3*c = -x - 67. Is c prime?
False
Suppose -2*c + 340 - 24 = 0. Is c prime?
False
Let h(b) = -4*b - 7. Let k be h(-9). Suppose -l + 125 + k = 0. Suppose q = -q + l. Is q prime?
False
Let w = 122 + -26. Let g = w + -63. Is g composite?
True
Let w(n) = -52*n + 3. Let f(o) = o**3 + 3*o**2 - 4. Let c be f(-3). Is w(c) a composite number?
False
Let k = 10 - 15. Let h(m) = -25*m - 6. Is h(k) a composite number?
True
Let i be ((-10)/3)/(2/3). Let a(x) = -30*x - 5. Is a(i) a prime number?
False
Let p = 3 - 4. Is p/((-122)/121 + 1) composite?
True
Suppose 2 + 8 = -b. Let t(f) = -2*f + 1. Is t(b) a prime number?
False
Suppose 0 = -4*a + 72 - 20. Is a prime?
True
Suppose 0 = h - 182 + 42. Suppose -76 = -t - 3*o, 2*t + 4*o - h = 2*o. Is t prime?
True
Let o(k) = -k - 6. Suppose -2*p = 3*p + 30. Let t be o(p). Suppose -5*c + 83 + 42 = t. Is c prime?
False
Let j(c) = -c**2 + 10*c + 10. Is j(5) composite?
True
Let x be 4/6*(-3)/(-2). Let a(y) = -2542*y - 155. Let v(i) = 33*i + 2. Let j(f) = 2*a(f) + 155*v(f). Is j(x) composite?
False
Let s(a) = a - 1. Let l(r) = -40*r - 2. Let f(q) = l(q) + 3*s(q). Let w be 16*(-6)/15 + (-2)/(-5). Is f(w) prime?
False
Suppose 0*k - 2*k + 1069 = 5*m, -2*k = -5*m - 1059. Suppose 2*r - k = -2*r. Is r composite?
True
Let s be (-1)/(-3)*1272/4. Suppose -6*r + s = -4*r. Is r a composite number?
False
Let i be (16/12)/((-1)/(-6)). Let j(k) = -k**3 + 9*k**2 - 6*k - 8. Let v be j(i). Let t(q) = q**2 - 7*q - 2. Is t(v) composite?
True
Let r(l) = 4*l - 2. Let v be r(-2). Let z be 12/(-10)*v/3. Let x(g) = g**3 - 3*g**2 + 2*g - 3. Is x(z) prime?
False
Let w be (2 + -4)*(-1)/2. Let q be (-8)/12*(19 - w). Is 43/6 + 2/q composite?
False
Is ((-422)/(-4))/((-11)/(-22)) prime?
True
Suppose v - z - 2*z = 1994, z = 5*v - 9900. Is v a composite number?
False
Suppose 2*h = h - 2. Let w = h + 7. Suppose w*y - z = 172, -5*z + z + 82 = 2*y. Is y pr